. Is a + (-2)/(-2) - -4740 prime?
False
Let c(q) = -6*q - 46. Let o be c(-8). Is 301/(-42)*-364 - o/(-6) prime?
True
Let t be (-14)/4 + 2 - 53/(-106). Is 21553/(t - (-6)/(5 + -2)) prime?
False
Suppose 3*v + r + 28 = 0, 0 = -5*r - 5 - 0. Is 1*251*(9 - 108)/v prime?
False
Let u(v) = -2*v**3 - 22*v**2 - 17*v + 18. Let r be u(-10). Is 232690/16 + 5*r/480 a prime number?
True
Let h be ((-1)/3)/(39/(-234)). Suppose d = -3*v + 1982, -h*d - 2931 = -4*v - 275. Is v a prime number?
False
Suppose -5*y + b = -6, -8*b = 3*y - 5*b - 18. Suppose 0 = -3*g + t + 223, 4*g - 299 = 5*t - y*t. Suppose 4*u = g + 434. Is u a prime number?
True
Let a = -326 - -258. Is (21981/a)/(1*(-3)/12) a composite number?
True
Suppose 4*l = -2*a + 327723 + 365289, -693028 = -4*l + 2*a. Is l a prime number?
False
Let j = 63 - 52. Suppose 10*x + j = -9. Is (0 - -2) + (x - -2) + 329 a prime number?
True
Suppose 14*x + 240828 = 26*x. Suppose m = -228 + x. Is m a prime number?
True
Is (4*4470/(-40))/((-8)/((-80992)/(-12))) composite?
True
Let a = 1009 - -106. Let j = 1969 - a. Let r = -475 + j. Is r prime?
True
Suppose 3*d - 2*m - 7403 = 0, -2*m - 12 = m. Suppose i + 46 = 5*j + 4*i, j + 3*i = 14. Suppose -d = -13*g + j*g. Is g prime?
False
Let i(y) = -y**3 - 3*y**2 + 4*y. Let c(p) = 6*p + 8. Let v be c(-2). Let n be i(v). Suppose 0 = 2*q + r - 1045, n = r - 3. Is q prime?
True
Let o = -15 - -35. Suppose -o*r + 1419 = -17*r. Suppose 1014 = 3*z + h, -2*h + 199 + r = 2*z. Is z composite?
True
Let m(x) = -22*x**3 + 11*x**2 - 66*x - 309. Is m(-17) a composite number?
True
Let d(l) = -28*l - 2. Let p be d(5). Let f = p + 843. Is f a prime number?
True
Let n = -63 + 63. Suppose n = 2*s - 3*j - 2539, 5*j + 404 = s - 883. Is s prime?
False
Suppose 12*v - 3616940 = -4*c, 13*c - 11*c - 1808470 = -2*v. Is c prime?
False
Suppose -32*m - 40 = -28*m. Let k(t) = -t**3 - 10*t**2 + 6. Let d be k(m). Let j(r) = 2*r**3 - 9*r**2 + 9*r + 1. Is j(d) a composite number?
False
Let v be (-27)/6 + ((-55)/(-10))/11. Let s = v - -6. Suppose 0 = -x + 4*k + 70, 2*k + 220 = -s*x + 5*x. Is x a composite number?
True
Let j(n) = 117 - 85*n + 12*n - 34. Is j(-32) a composite number?
True
Let s be 14/(-7)*(-9)/6. Let b(q) = -2*q**3 - 3*q**2 - q - 1. Let h be b(-2). Suppose -2*n = -h*t - 3*n + 1116, -s*n = -2*t + 443. Is t a composite number?
False
Let u(d) = 378*d**3 - d**2 + 7. Let l be u(2). Let g = 1732 + l. Is g a composite number?
False
Is 26067 - (-1 + 30/6) a prime number?
False
Let n(x) = 1757*x + 344. Let j be n(-6). Let k = -6783 - j. Is k a prime number?
False
Let b(s) = 4539*s**2 - 56*s + 10. Is b(3) a composite number?
False
Let p be 3/5 - 20256/60 - -3. Let h = 307 - p. Is h prime?
True
Let c(w) = 3*w - 66. Let z be c(16). Let v = -5 - z. Suppose 21122 - 1531 = v*y. Is y a composite number?
True
Suppose 63*c - 737330 - 187804625 = -280*c. Is c a composite number?
True
Suppose 0 = -5*m - 4*r + 28, -3*m = 5*r - 12 - 10. Suppose -2*p - 606 = m*p. Let v = p + 232. Is v a composite number?
False
Let p(i) = 11*i**2 + 3*i. Let s(b) = 44*b**2 + 13*b - 1. Let v(g) = 26*p(g) - 6*s(g). Let q be v(-4). Let r = 669 - q. Is r prime?
True
Let w = 3 - -2. Let k = w - 1. Let a(s) = 37*s**2 - 7*s - 1. Is a(k) composite?
False
Suppose -5*l + 3*a = -1110 + 4795, a = 5. Let s = 1601 - 116. Let f = l + s. Is f a prime number?
True
Let r(h) = -11*h**3 + 63*h**2 + 236*h - 191. Is r(-57) composite?
False
Let w(r) be the first derivative of r**5/20 + r**4/12 - 11*r**3/6 - r**2/2 - 6*r - 11. Let z(a) be the first derivative of w(a). Is z(8) a composite number?
False
Let p = 83 + -77. Suppose -3*x + 90333 = p*x. Is x composite?
False
Suppose -343692 = -171*g + 3253548 + 8877039. Is g a composite number?
False
Suppose 968743 = 2*d - 3*p, 0 = 2*d + 2*p - 986456 + 17748. Is d a composite number?
False
Let a(z) = 2181*z**2 + 11*z - 25. Is a(3) composite?
True
Let b(l) = 4*l**2 - 104*l + 3. Let o be b(26). Suppose 0 = 4*m - r + 2*r - 11751, m - o*r = 2954. Is m a prime number?
True
Let a(l) = -371568*l - 2783. Is a(-4) composite?
True
Let v(q) = 2*q**3 - 50*q**2 + 27*q + 20. Let i(x) = x**3 - 25*x**2 + 13*x + 10. Let n(o) = -7*i(o) + 3*v(o). Let d be n(17). Let t = d - 1234. Is t prime?
False
Let s = 162 - 333. Suppose 51*x = 22133 + 67423. Let l = s + x. Is l a composite number?
True
Suppose 8*v - 3*k - 66 = 7*v, -4*k - 193 = -3*v. Suppose v*u - 66*u = -11202. Is u prime?
False
Let s(o) = 327*o**2 + 7*o - 167. Is s(-29) composite?
True
Suppose -150426 = -6*k - 18*k + 231726. Is k a prime number?
True
Let x(z) = z**3 + 9*z**2 + 19*z + 1. Let o be 8/12 - (-8)/(-18)*15. Let n be x(o). Let y(f) = -86*f + 37. Is y(n) prime?
True
Let t(l) = 5124*l + 1387. Is t(13) a prime number?
False
Let p be (-1)/(-1)*(-7)/7 - 9027. Let q = p - 1161. Let n = -5568 - q. Is n a prime number?
True
Suppose 2*q = -8, -5*y - 4*q + 1026 = 212. Let m = y + 997. Let a = 2374 - m. Is a a composite number?
True
Let p(t) = -5*t**3 + 13*t**2 + 193*t + 7. Is p(-18) a prime number?
False
Suppose -4*i + 5*p + 149827 = 0, 33*i = 36*i - p - 112384. Is i a composite number?
False
Suppose 2*b = -10*i + 14*i - 81420, b + 2 = 0. Is i a composite number?
True
Suppose -2*o + 559106 = 4*c, 5*c - 559114 = 10*o - 12*o. Is o prime?
False
Let k(w) = 3*w - 2. Let p be k(20). Let g = p + -55. Suppose 2*l = 3*u - 1539, -2*u - g*l + 6*l + 1031 = 0. Is u prime?
False
Suppose 14 = -2*k, -1775222 - 341743 = -4*v + 7*k. Is v composite?
False
Suppose 4*i = -2*x + 3*i + 29, 6 = 2*i. Let r(z) = -z**2 + 19*z - 20. Is r(x) a composite number?
True
Suppose 3*b - 9 + 35 = 5*u, 40 = 4*u + 4*b. Let k be 5 + 296/(-56) - 65322/u. Is 3*k/18*3/(-2) composite?
False
Let g = 90079 + -17868. Is g a prime number?
True
Let z(t) = 230*t**2 + 173*t + 14. Is z(45) composite?
False
Suppose 3*z + 7 = z - 3*p, 0 = -5*z - 3*p + 5. Suppose -10*g = -11*g + 6150. Suppose -4*a - a = -z*o + 12288, -2*o + 4*a = -g. Is o composite?
False
Let g = -302 + 614. Suppose 0 = 3*x + 8 + 7, -n - 4*x = -g. Let h = 589 - n. Is h prime?
True
Suppose 137*u = 13*u + 10*u + 9066534. Is u a composite number?
False
Let z = -93 + 98. Suppose -l + 0*l + 4 = 0, 12098 = z*v - 3*l. Let b = v - 1515. Is b a prime number?
True
Suppose -17*v - 169 = -152. Is (604/(-8))/(-4*v/(-104)) a prime number?
False
Let l(b) = 4*b**3 - 2*b**2 + b - 37. Let a(w) = w + 21. Let n be a(-17). Is l(n) prime?
True
Suppose -27*k + 789900 = -150807. Is k composite?
False
Suppose -15 = 5*s, 55*o - 56*o - 2*s + 268467 = 0. Is o a composite number?
True
Is ((-4)/(-10))/(54/158959935) a prime number?
True
Let m be (-3)/((-30)/(-4)) - 30/(-75). Suppose -4*f + 3*r = 269, m*f + 2*f + 162 = -4*r. Let a = f + 154. Is a a composite number?
False
Suppose 38*y - 249150 = -4*y - 15756. Is y composite?
False
Let x(h) be the first derivative of -h**4/2 - 71*h**3/3 + 17*h**2/2 + 35*h - 69. Is x(-36) a composite number?
False
Let w(a) be the first derivative of -585*a**4/4 + 11*a**2/2 + 3*a - 1. Is w(-2) a composite number?
True
Let c(s) = 2*s**2 + 13 - 33*s + 42*s - 32*s. Let y be c(11). Suppose -y*l + 1234 = 4*g, 3*g - 6*g = 4*l - 933. Is g composite?
False
Suppose -11*x - 4 = -13*x. Suppose -21040 = 6*d - 10*d - 4*w, 4*w = -x*d + 10526. Is d a prime number?
False
Suppose 7 = -10*o - 53. Let s be 1 - (-74 - (4 + o)). Is s*(13 + -4) + -2 composite?
True
Let i(t) = -906*t**2 + 60*t + 103. Let j(c) = 604*c**2 - 39*c - 69. Let d(l) = 5*i(l) + 8*j(l). Is d(9) a composite number?
False
Suppose 4*i + 10*n - 13*n = 5744, 4*i - 5744 = n. Suppose 2*w = i + 17586. Is w a composite number?
False
Let q = 498979 + -162768. Is q a composite number?
False
Let l = -2706 + 27613. Is l prime?
True
Suppose 4*h + 2 = -6. Let z = -893 + 893. Is 260 + z - 3/2*h a composite number?
False
Let u = 227 + -156. Let q = 67 - u. Is (-1)/((-2)/q - (-6258)/(-12492)) composite?
True
Suppose -26*j + 3*j + 10074 = 0. Let l = j - -451. Is l prime?
False
Suppose -2*s + 2*a + 2314 - 336 = 0, -5*s - 2*a + 4924 = 0. Let d = 2640 - s. Let i = d + -645. Is i a composite number?
False
Let r = 609 + -617. Is (-47776)/r - ((0 - 0) + 3) composite?
True
Suppose -2010*t + 2019*t = 3252429. Is t prime?
False
Let b(d) = 21 + 343*d + 56 - 115 - 155. Is b(17) composite?
True
Let d = 1468840 + -579387. Is d prime?
True
Suppose -7*l 